it of n?
3
Let q = 14 - 7. Let d(b) be the second derivative of b**5/20 - b**4/2 - 5*b**3/6 + b**2/2 + b. What is the units digit of d(q)?
5
Let l = 9 + -9. Suppose -2 = -p - l. What is the units digit of (-5)/(p + -3) - 2?
3
Suppose -42 = 3*d - 57, 4*r - 10067 = 5*d. What is the units digit of r?
3
Let u = -20 + 23. Suppose 0 = u*b + 3*s + 65 + 37, -112 = 3*b - 2*s. Let g = -6 - b. What is the units digit of g?
0
Let k(m) = -25*m - 2. What is the units digit of k(-3)?
3
Let f(c) = 2*c. Let n be f(1). Suppose -4*g - 7*b + 3*b = -28, -n*g - 14 = -5*b. Suppose 63 = 6*u - g*u. What is the tens digit of u?
2
Let d = 1240 - 855. Let w = d - 249. What is the units digit of w?
6
Suppose 0*p = -2*p. Suppose 3*t + 3 = 0, p = -5*z - t + 4*t + 533. Suppose 0 = -5*q + 4*m + z, -q - m + 3*m + 26 = 0. What is the tens digit of q?
1
What is the hundreds digit of (96/(-112) + 2)*(-6202)/(-4)?
7
Let b(u) = 3*u - 6. Let y be b(6). Let o = -11 + y. Let f = 29 - o. What is the units digit of f?
8
Let w = 4685 + -2813. What is the tens digit of w?
7
Suppose 3*h - 6167 = -5*k, -2*h + 4571 = -k + 464. What is the tens digit of h?
5
Let u be 1441/55 + (-1)/5. Suppose 0 = -5*c + c - 64. Let n = u - c. What is the units digit of n?
2
Suppose 3*y - 258 = 492. Suppose -6*g + y = -g. What is the tens digit of g?
5
Let r(a) = a**3 - 10*a**2 - 8*a - 5. Let h be 3/(3*(-2)/(-22)). Let j be r(h). Suppose -3*k - 12 = -2*l, -7*k = l - 3*k - j. What is the tens digit of l?
1
Let t(z) = -z**3 + 10*z**2 + z - 5. Let q be t(10). Suppose -3*d = q*d - 432. What is the units digit of d?
4
Let g be (0 - (-6)/2) + -11. Let r be (10/(-8))/(g/(-544)). Let z = r + 124. What is the tens digit of z?
3
Let i(z) = -z**3 - 10*z**2 - 10*z - 9. Let c be i(-9). Suppose -2*p + 69 = p. Suppose c*n - p = -n. What is the tens digit of n?
2
Let y be (-99)/(-44) + 2/(-8). Suppose -4*m + 79 = -m + y*j, -3*j - 12 = 0. What is the units digit of m?
9
Let h = 817 - 511. What is the units digit of h?
6
Suppose q - 2*c = 2*q - 1, 0 = c - 4. Let w = 151 - 157. Let b = w - q. What is the units digit of b?
1
Let g(s) = -14 - 1 + 1 + 4*s. What is the tens digit of g(7)?
1
Let y be ((-1)/3 - -1)/(56/14952). Let b = 55 + y. What is the tens digit of b?
3
What is the thousands digit of 103*26 - 0 - 18/(-18)?
2
Let k(y) = 36*y**2 - 3*y + 26. What is the tens digit of k(4)?
9
Let v(h) = 2*h**2 - 7*h + 3. Let y(a) = 5*a**2 - 20*a + 8. Let w(b) = 8*v(b) - 3*y(b). Let c be w(-3). What is the units digit of (-2 - (4 + c)) + 33?
0
Let g be (18/8)/(54/1008). Suppose -4 = 4*f - 5*f, -5*z + g = 3*f. What is the units digit of z?
6
Let a(u) = u + 26. Let w(n) = -n**3 + 10*n**2 - 3*n + 12. Let r be w(10). What is the units digit of a(r)?
8
Let v(s) = 3*s - 19. Let i be v(9). Suppose 872 = i*r + 208. What is the tens digit of r?
8
Let r = 28 - 25. Suppose 81 = 3*i - 0*k + 3*k, -4*i = -r*k - 87. Suppose -4*f + 0*f = 4*g - i, 5*f = -2*g + 30. What is the units digit of f?
6
What is the units digit of 481/52 + 1/(-4)?
9
Let i(n) = -155*n**3 - n. Let h be i(-1). Suppose 5*x = x + h. What is the units digit of x?
9
What is the units digit of 4/(-16) - 3/4 - -98?
7
Let c(n) = -n**3 + 6*n**2 - 4*n + 6. Let x = -17 - -30. Let s = x + -9. What is the tens digit of c(s)?
2
Let p(g) = -11*g**3 + 2*g**2 - 2*g + 4. Let m be p(3). Let k = 398 + m. Suppose -5*i + 53 = -k. What is the tens digit of i?
3
Let j = -19 + 19. Let i = 23 - j. What is the tens digit of i?
2
Let c = -6 - -10. Suppose -c*t - 272 = -668. Suppose 7*o = 4*o + t. What is the units digit of o?
3
Let i = 707 - -552. What is the hundreds digit of i?
2
What is the hundreds digit of 4/(-2)*(-4)/((-32)/(-3928))?
9
Let z be -8*(-2 - (-6)/8). Suppose z*l = 7*l - 6, 0 = 4*n + 3*l - 230. What is the units digit of n?
9
Let z be (-1)/(-2)*7 - (-3)/(-6). Suppose -r = 5*g - 19, 55 + 2 = 3*r + z*g. What is the tens digit of r?
1
Let f be 322/18 + 4/36. Let x = f - 21. What is the units digit of (-2 - (-40)/x)*-3?
6
Suppose -4*l = 3*s + 18, 6*s - 4*s - 11 = 5*l. Suppose -5*m + 18 = -7. Let r = s + m. What is the units digit of r?
3
Suppose -2*r + 2382 = 2*n, -25*r = -30*r + 20. What is the units digit of n?
7
Let j(c) be the first derivative of -c**2 + 11 + 1/3*c**3 + 3*c. What is the tens digit of j(8)?
5
Suppose 915 - 6019 = -8*w. What is the hundreds digit of w?
6
Suppose 5*r = -3118 - 2132. What is the tens digit of 8/(-20)*r/6?
7
Suppose m - 446 - 242 = 0. What is the hundreds digit of m?
6
Let a = 2 + 1. Suppose a*p = -4*c + 11, -p - 2 = -2*c + p. Suppose -l + c*l = 21. What is the units digit of l?
1
What is the units digit of (-34 - -43) + 14*12?
7
Let h(i) = -i**3 + 7*i**2 + i + 1. Let c be (1 + 1)*8/16. Suppose -c = -3*y + 20. What is the units digit of h(y)?
8
What is the units digit of 12/33 - 198992/(-176)?
1
Let g be 130*(-4)/(-12 - -4). Suppose -18*k = -13*k - g. What is the units digit of k?
3
Let z = -72 - -222. Suppose z = a + a. What is the tens digit of a?
7
What is the tens digit of (-1 + -1)*6310/(-20)?
3
Suppose -8*k - 8*k + 33280 = 0. What is the hundreds digit of k?
0
Let i(h) be the third derivative of h**4/2 + h**3/3 + 5*h**2. Let x(y) = y**2 - 10*y + 18. Let t be x(8). What is the tens digit of i(t)?
2
Suppose -3*l - 583 = -b - 6*l, 0 = -4*b - 2*l + 2292. What is the hundreds digit of b?
5
Suppose 3*c = -p - 0*c + 543, -c = -2*p + 1114. What is the tens digit of p?
5
Let n(x) = -3*x**2 - 14*x - 15. Let q(z) = -4*z**2 - 21*z - 23. Let o(l) = -8*n(l) + 5*q(l). What is the units digit of o(-5)?
0
Let u be (-783)/7 + 6/(-42). Let c = 158 + u. What is the units digit of 9/27 - c/(-6)?
8
Suppose i - 8266 = -4*a, 7*i - 10324 = -5*a + 10*i. Suppose -9*r + a + 184 = 0. What is the units digit of r?
0
Suppose 4*p = 5*d + 7*p - 5998, -4*p = d - 1203. What is the tens digit of d?
9
Let l(z) = 12*z - 182. What is the hundreds digit of l(34)?
2
Suppose -4*z + 4*q = -2312, 0 = q - 0 - 2. What is the tens digit of z?
8
Let x be 9/(-21) + (-15)/(-35). Suppose 5*f - 4*f + 4 = x, 2*f = -5*k + 32. Suppose -k = -j + 3*j, -2*m - 3*j = 6. What is the units digit of m?
3
Let u(n) be the third derivative of -n**5/60 - 23*n**4/24 - 13*n**3/6 - 37*n**2. What is the tens digit of u(-18)?
7
Let p(k) = -2*k**3 + 27*k**2 - 15*k + 29. Let i be p(13). Suppose -i*x + 733 + 83 = 0. What is the hundreds digit of x?
2
Let x(y) = y**2 - 19*y + 5. Let s be x(19). Suppose -s*p + 7*p = 52. What is the tens digit of p?
2
What is the tens digit of ((-2)/4)/(-14 - 36678/(-2620))?
5
Suppose 0 = 2*u - 51 - 169. Suppose -8*y + u + 274 = 0. What is the tens digit of y?
4
Let q be 25/(-10)*-4 + 4. Suppose -4*o - 4*u = -32, 4*o - 8*o + 7 = -u. Suppose 2*s = -o*z - 2*s + q, 46 = 3*z - 4*s. What is the units digit of z?
0
Let r = 70 - 145. What is the units digit of 1862/15 + 385/r + 5?
4
Suppose a - 4 = 25. Suppose 0 = 23*f - a*f + 1092. What is the hundreds digit of f?
1
Suppose -4*v = -3*m - 7827, -2*v = m - 454 - 3447. What is the hundreds digit of v?
9
What is the hundreds digit of (2/(-16)*2)/(2/(-10408))?
3
Let q(s) = -s**3 - 5*s**2 + 62*s - 37. What is the hundreds digit of q(-21)?
7
Let b(o) = 4*o + 36. Let w be b(-9). What is the hundreds digit of (w + 21/14)/((-2)/(-364))?
2
Let y = 2 - -3. Let s be y/(5/2) + 1. Suppose 76 + 56 = s*j. What is the units digit of j?
4
Let f(s) = 14*s**2 + 15*s - 26. What is the units digit of f(-15)?
9
Let c be (-63)/(-6)*(-20)/(-3). Suppose 15*o - c - 2195 = 0. What is the tens digit of o?
5
Suppose 64 = -5*b - 2*d, 3*b + 0 + 33 = -3*d. Suppose -5*f = -4*f + 3*y + 27, 5*f - 4*y = -192. Let n = b - f. What is the tens digit of n?
2
Let w(a) = 98*a**2 - 37*a. What is the units digit of w(-5)?
5
Let a = -361 - -1456. What is the units digit of a?
5
Suppose 0 = 15*a - 37*a + 12144. What is the tens digit of a?
5
Let y(i) = -16*i - 67. What is the hundreds digit of y(-31)?
4
Suppose f + 3*b = 2051, -2*b - 2*b = f - 2051. What is the hundreds digit of f?
0
Let r = -68 - -79. Suppose 16*d - r*d = 105. What is the tens digit of d?
2
Suppose 23 = -3*k - 22. Let i(z) = -2*z + 13. Let t be i(-11). Let g = k + t. What is the tens digit of g?
2
Let v = -23 - -33. Suppose 560 = v*o - 5*o. What is the units digit of o?
2
Let a(w) = 5*w**2 - 85*w - 35. What is the tens digit of a(